{"id":163,"date":"2021-06-14T19:26:36","date_gmt":"2021-06-14T17:26:36","guid":{"rendered":"https:\/\/wandern-mit-eselliebe.de\/?page_id=163"},"modified":"2026-04-22T08:33:54","modified_gmt":"2026-04-22T06:33:54","slug":"wanderungen-und-preise","status":"publish","type":"page","link":"https:\/\/wandern-mit-eselliebe.de\/?page_id=163","title":{"rendered":"Wanderungen &#038; Preise"},"content":{"rendered":"\t\t<div data-elementor-type=\"wp-page\" data-elementor-id=\"163\" class=\"elementor elementor-163\">\n\t\t\t\t\t\t<section class=\"elementor-section elementor-top-section elementor-element elementor-element-1ce2d21c elementor-section-boxed elementor-section-height-default elementor-section-height-default\" data-id=\"1ce2d21c\" data-element_type=\"section\" data-e-type=\"section\">\n\t\t\t\t\t\t<div class=\"elementor-container elementor-column-gap-default\">\n\t\t\t\t\t<div class=\"elementor-column elementor-col-100 elementor-top-column elementor-element elementor-element-235dac67\" data-id=\"235dac67\" data-element_type=\"column\" data-e-type=\"column\">\n\t\t\t<div class=\"elementor-widget-wrap elementor-element-populated\">\n\t\t\t\t\t\t<div class=\"elementor-element elementor-element-922394b elementor-widget elementor-widget-text-editor\" data-id=\"922394b\" data-element_type=\"widget\" data-e-type=\"widget\" data-widget_type=\"text-editor.default\">\n\t\t\t\t<div class=\"elementor-widget-container\">\n\t\t\t\t\t\t\t\t\t\n<p class=\"has-large-font-size\">Hier k\u00f6nnt ihr Euch \u00fcber unsere vielseitigen Erlebnispakete informieren. Bei allen Fragen und Buchungsw\u00fcnschen stehe ich euch gerne zur Verf\u00fcgung.<\/p>\n\n<p class=\"has-large-font-size\">Gemeinsam k\u00f6nnen wir auch gerne euer Paket speziell auf euch zuschneiden.<\/p>\n\n<ul class=\"wp-block-list\">\n<li>l\u00e4ngere Wanderungen auf Anfrage, wir sind flexibel und f\u00fcr Anregungen offen<\/li>\n\n<li>Vorbereitung:\n<ul class=\"wp-block-list\">\n<li>Begr\u00fc\u00dfung<\/li>\n\n<li>Kennen lernen<\/li>\n\n<li>Einweisung in Eselumgang<\/li>\n<\/ul>\n<\/li>\n\n<li>jede Wanderung beinhaltet 1 Esel.\n<ul class=\"wp-block-list\">\n<li>Jeder weitere Esel +20\u20ac<\/li>\n\n<li>max. 4 Esel<\/li>\n<\/ul>\n<\/li>\n\n<li>Kinder unter 8 Jahren sind frei, sind jedoch mit anzumelden (max. 2 Kinder auf 1 Erwachsenen)<\/li>\n\n<li>die Buchungsanfragen werden \u00fcber das Kontaktformular entgegengenommen oder per mail an wandern.mit.eselliebe@gmail.com<\/li>\n\n<li>Hunde nach Absprache m\u00f6glich (sind an der Leine zu f\u00fchren)<\/li>\n<\/ul>\n\n<div class=\"wp-block-coblocks-pricing-table has-text-align-center\">\n<div class=\"wp-block-coblocks-pricing-table__inner has-columns has-2-columns has-responsive-columns has-medium-gutter\">\n<div class=\"wp-block-coblocks-pricing-table-item\"><span class=\"wp-block-coblocks-pricing-table-item__title\">Eselwanderung 1<br \/>ab<\/span>\n<div class=\"wp-block-coblocks-pricing-table-item__price-wrapper\"><span class=\"wp-block-coblocks-pricing-table-item__amount\">40\u20ac<\/span><\/div>\n<ul class=\"wp-block-coblocks-pricing-table-item__features\">\n<li>ca. 1 Stunde<\/li>\n<li>ab 1 Person<\/li>\n<li>je weitere Pers. 15\u20ac<\/li>\n<li>inkl. Esel putzen<\/li>\n<li>\u00a0<\/li>\n<\/ul>\n<\/div>\n\n<div class=\"wp-block-coblocks-pricing-table-item\"><span class=\"wp-block-coblocks-pricing-table-item__title\">Eselwanderung 2<br \/>ab<\/span>\n<div class=\"wp-block-coblocks-pricing-table-item__price-wrapper\"><span class=\"wp-block-coblocks-pricing-table-item__amount\">75\u20ac<\/span><\/div>\n<ul class=\"wp-block-coblocks-pricing-table-item__features\">\n<li>ca. 2 Stunden<\/li>\n<li>ab 1 Person<\/li>\n<li>je weitere Pers. 15\u20ac<\/li>\n<li>inkl. Esel putzen<\/li>\n<li>\u00a0<\/li>\n<\/ul>\n<\/div>\n<\/div>\n<\/div>\n\n<div class=\"wp-block-coblocks-pricing-table has-text-align-center\">\n<div class=\"wp-block-coblocks-pricing-table__inner has-columns has-2-columns has-responsive-columns has-medium-gutter\">\n<div class=\"wp-block-coblocks-pricing-table-item\"><span class=\"wp-block-coblocks-pricing-table-item__title\">Eselwanderung 3<br \/>ab<\/span>\n<div class=\"wp-block-coblocks-pricing-table-item__price-wrapper\"><span class=\"wp-block-coblocks-pricing-table-item__amount\">125\u20ac<\/span><\/div>\n<ul class=\"wp-block-coblocks-pricing-table-item__features\">\n<li>ca. 2,5 Stunden\n<ul class=\"wp-block-coblocks-pricing-table-item__features\">\n<li>ab 1 Person<\/li>\n<li>je weitere Pers. 15\u20ac<\/li>\n<li>inkl. Esel putzen<\/li>\n<\/ul>\n<\/li>\n<li>\u00a0<\/li>\n<\/ul>\n<\/div>\n\n<div class=\"wp-block-coblocks-pricing-table-item\"><span class=\"wp-block-coblocks-pricing-table-item__title\">Esel Schulbesuche<br \/>ab<\/span>\n<div class=\"wp-block-coblocks-pricing-table-item__price-wrapper\"><span class=\"wp-block-coblocks-pricing-table-item__amount\">300\u20ac<\/span><\/div>\n<br \/>\n<ul class=\"wp-block-coblocks-pricing-table-item__features\">\n<li>ab ca. 2 Stunden<\/li>\n<li>Preis + Anfahrt<\/li>\n<li>Gruppengr\u00f6\u00dfe und Ablauf auf Anfrage<\/li>\n<\/ul>\n<\/div>\n<\/div>\n<\/div>\n\n<div class=\"wp-block-coblocks-pricing-table has-text-align-center\">\n<div class=\"wp-block-coblocks-pricing-table__inner has-columns has-2-columns has-responsive-columns has-medium-gutter\">\n<div class=\"wp-block-coblocks-pricing-table-item\"><span class=\"wp-block-coblocks-pricing-table-item__title\">Esel Kita Besuche<br \/>ab<\/span>\n<div class=\"wp-block-coblocks-pricing-table-item__price-wrapper\"><span class=\"wp-block-coblocks-pricing-table-item__amount\">250\u20ac<\/span><\/div>\n<ul class=\"wp-block-coblocks-pricing-table-item__features\">\n<li>ca. 2 Stunden<\/li>\n<li>Preis + Anfahrt<\/li>\n<li>Gruppengr\u00f6\u00dfe und Ablauf auf Anfrage<\/li>\n<li>\u00a0<\/li>\n<\/ul>\n<\/div>\n<\/div>\n<\/div>\n\n<div class=\"wp-block-query is-layout-flow wp-block-query-is-layout-flow\"><ul class=\"wp-block-post-template is-layout-flow wp-block-post-template-is-layout-flow\"><li class=\"wp-block-post post-355 post type-post status-publish format-standard hentry\"><h2 class=\"wp-block-post-title\"><a href=\"https:\/\/wandern-mit-eselliebe.de\/?p=355\" target=\"_self\" >Hey Ho, Let\u00b4s Go!<\/a><\/h2><div class=\"wp-block-post-excerpt\"><p class=\"wp-block-post-excerpt__excerpt\">Auf geht\u00b4s in ein neues Jahr mit neuen Abenteuern! Wir sind schon flei\u00dfig dabei neue Aktionen f\u00fcr euch zu planen. Wir hoffen auch in diesem Jahr wieder viele von euch begr\u00fc\u00dfen zu d\u00fcrfen. \ud83d\ude42 Bleibt auf dem laufenden und folgt unserer Instagramseite: https:\/\/instagram.com\/wandern_mit_eselliebe?igshid=YmMyMTA2M2Y= <\/p><\/div><hr class=\"wp-block-separator has-css-opacity\" \/><div class=\"wp-block-post-date\"><time datetime=\"2023-02-03T11:39:26+01:00\">3. Februar 2023<\/time><\/div><\/li><li class=\"wp-block-post post-372 post type-post status-publish format-standard hentry\"><h2 class=\"wp-block-post-title\"><a href=\"https:\/\/wandern-mit-eselliebe.de\/?p=372\" target=\"_self\" >Esel Meets Kr\u00e4uter<\/a><\/h2><div class=\"wp-block-post-excerpt\"><p class=\"wp-block-post-excerpt__excerpt\"> <\/p><\/div><hr class=\"wp-block-separator has-css-opacity\" \/><div class=\"wp-block-post-date\"><time datetime=\"2023-06-14T21:17:13+02:00\">14. Juni 2023<\/time><\/div><\/li><li class=\"wp-block-post post-349 post type-post status-publish format-standard hentry\"><h2 class=\"wp-block-post-title\"><a href=\"https:\/\/wandern-mit-eselliebe.de\/?p=349\" target=\"_self\" >Der Weg ist das Ziel!<\/a><\/h2><div class=\"wp-block-post-excerpt\"><p class=\"wp-block-post-excerpt__excerpt\">Hallo ihr Lieben! Wir hatten einen guten Start in die neue Wandersaison und haben unser Angebot erweitert auf Kita- und Altenheimbesuche. Die Esel und ich freuen uns schon sehr auf die geplanten Termine und auch auf die, die noch kommen werden. \ud83d\ude42 Bei Interesse, meldet euch einfach bei mir. Liebe Gr\u00fc\u00dfe, &#8211; eure Lisa \ud83d\ude42&hellip; <\/p><\/div><hr class=\"wp-block-separator has-css-opacity\" \/><div class=\"wp-block-post-date\"><time datetime=\"2022-04-02T22:46:59+02:00\">2. April 2022<\/time><\/div><\/li><\/ul><\/div>\n\t\t\t\t\t\t\t\t<\/div>\n\t\t\t\t<\/div>\n\t\t\t\t<div class=\"elementor-element elementor-element-feceb01 elementor-widget__width-initial elementor-widget elementor-widget-text-editor\" data-id=\"feceb01\" data-element_type=\"widget\" data-e-type=\"widget\" data-widget_type=\"text-editor.default\">\n\t\t\t\t<div class=\"elementor-widget-container\">\n\t\t\t\t\t\t\t\t\t<p>Lorem ipsum dolor sit amet, consectetur adipiscing elit. Ut elit tellus, luctus nec ullamcorper mattis, pulvinar dapibus leo.<\/p>\t\t\t\t\t\t\t\t<\/div>\n\t\t\t\t<\/div>\n\t\t\t\t\t<\/div>\n\t\t<\/div>\n\t\t\t\t\t<\/div>\n\t\t<\/section>\n\t\t\t\t<\/div>\n\t\t","protected":false},"excerpt":{"rendered":"<p>Hier k\u00f6nnt ihr Euch \u00fcber unsere vielseitigen Erlebnispakete informieren. Bei allen Fragen und Buchungsw\u00fcnschen stehe ich euch gerne zur Verf\u00fcgung. Gemeinsam k\u00f6nnen wir auch gerne euer Paket speziell auf euch zuschneiden. Lorem ipsum dolor sit amet, consectetur adipiscing elit. Ut elit tellus, luctus nec ullamcorper mattis, pulvinar dapibus leo.<\/p>\n","protected":false},"author":1,"featured_media":0,"parent":0,"menu_order":0,"comment_status":"closed","ping_status":"closed","template":"","meta":{"_coblocks_attr":"","_coblocks_dimensions":"","_coblocks_responsive_height":"","_coblocks_accordion_ie_support":"","hide_page_title":"","footnotes":""},"class_list":["post-163","page","type-page","status-publish","hentry"],"yoast_head":"<!-- This site is optimized with the Yoast SEO plugin v27.4 - https:\/\/yoast.com\/product\/yoast-seo-wordpress\/ -->\n<title>Wanderungen &amp; Preise - Wandern mit Eselliebe<\/title>\n<meta name=\"robots\" content=\"noindex, follow, max-snippet:-1, max-image-preview:large, max-video-preview:-1\" \/>\n<meta property=\"og:locale\" content=\"de_DE\" \/>\n<meta property=\"og:type\" content=\"article\" \/>\n<meta property=\"og:title\" content=\"Wanderungen &amp; Preise - Wandern mit Eselliebe\" \/>\n<meta property=\"og:description\" content=\"Hier k\u00f6nnt ihr Euch \u00fcber unsere vielseitigen Erlebnispakete informieren. Bei allen Fragen und Buchungsw\u00fcnschen stehe ich euch gerne zur Verf\u00fcgung. Gemeinsam k\u00f6nnen wir auch gerne euer Paket speziell auf euch zuschneiden. Lorem ipsum dolor sit amet, consectetur adipiscing elit. Ut elit tellus, luctus nec ullamcorper mattis, pulvinar dapibus leo.\" \/>\n<meta property=\"og:url\" content=\"https:\/\/wandern-mit-eselliebe.de\/?page_id=163\" \/>\n<meta property=\"og:site_name\" content=\"Wandern mit Eselliebe\" \/>\n<meta property=\"article:modified_time\" content=\"2026-04-22T06:33:54+00:00\" \/>\n<meta name=\"twitter:card\" content=\"summary_large_image\" \/>\n<meta name=\"twitter:label1\" content=\"Gesch\u00e4tzte Lesezeit\" \/>\n\t<meta name=\"twitter:data1\" content=\"1\u00a0Minute\" \/>\n<script type=\"application\/ld+json\" class=\"yoast-schema-graph\">{\"@context\":\"https:\\\/\\\/schema.org\",\"@graph\":[{\"@type\":\"WebPage\",\"@id\":\"https:\\\/\\\/wandern-mit-eselliebe.de\\\/?page_id=163\",\"url\":\"https:\\\/\\\/wandern-mit-eselliebe.de\\\/?page_id=163\",\"name\":\"Wanderungen & Preise - Wandern mit Eselliebe\",\"isPartOf\":{\"@id\":\"https:\\\/\\\/wandern-mit-eselliebe.de\\\/#website\"},\"datePublished\":\"2021-06-14T17:26:36+00:00\",\"dateModified\":\"2026-04-22T06:33:54+00:00\",\"breadcrumb\":{\"@id\":\"https:\\\/\\\/wandern-mit-eselliebe.de\\\/?page_id=163#breadcrumb\"},\"inLanguage\":\"de\",\"potentialAction\":[{\"@type\":\"ReadAction\",\"target\":[\"https:\\\/\\\/wandern-mit-eselliebe.de\\\/?page_id=163\"]}]},{\"@type\":\"BreadcrumbList\",\"@id\":\"https:\\\/\\\/wandern-mit-eselliebe.de\\\/?page_id=163#breadcrumb\",\"itemListElement\":[{\"@type\":\"ListItem\",\"position\":1,\"name\":\"Home\",\"item\":\"https:\\\/\\\/wandern-mit-eselliebe.de\\\/\"},{\"@type\":\"ListItem\",\"position\":2,\"name\":\"Wanderungen &#038; Preise\"}]},{\"@type\":\"WebSite\",\"@id\":\"https:\\\/\\\/wandern-mit-eselliebe.de\\\/#website\",\"url\":\"https:\\\/\\\/wandern-mit-eselliebe.de\\\/\",\"name\":\"Wandern mit Eselliebe\",\"description\":\"\",\"publisher\":{\"@id\":\"https:\\\/\\\/wandern-mit-eselliebe.de\\\/#\\\/schema\\\/person\\\/c287be536dcae0fe162721e5825d1c68\"},\"potentialAction\":[{\"@type\":\"SearchAction\",\"target\":{\"@type\":\"EntryPoint\",\"urlTemplate\":\"https:\\\/\\\/wandern-mit-eselliebe.de\\\/?s={search_term_string}\"},\"query-input\":{\"@type\":\"PropertyValueSpecification\",\"valueRequired\":true,\"valueName\":\"search_term_string\"}}],\"inLanguage\":\"de\"},{\"@type\":[\"Person\",\"Organization\"],\"@id\":\"https:\\\/\\\/wandern-mit-eselliebe.de\\\/#\\\/schema\\\/person\\\/c287be536dcae0fe162721e5825d1c68\",\"name\":\"lisahoffmann\",\"image\":{\"@type\":\"ImageObject\",\"inLanguage\":\"de\",\"@id\":\"https:\\\/\\\/wandern-mit-eselliebe.de\\\/wp-content\\\/uploads\\\/2021\\\/06\\\/cropped-Logo-1.png\",\"url\":\"https:\\\/\\\/wandern-mit-eselliebe.de\\\/wp-content\\\/uploads\\\/2021\\\/06\\\/cropped-Logo-1.png\",\"contentUrl\":\"https:\\\/\\\/wandern-mit-eselliebe.de\\\/wp-content\\\/uploads\\\/2021\\\/06\\\/cropped-Logo-1.png\",\"width\":1145,\"height\":1087,\"caption\":\"lisahoffmann\"},\"logo\":{\"@id\":\"https:\\\/\\\/wandern-mit-eselliebe.de\\\/wp-content\\\/uploads\\\/2021\\\/06\\\/cropped-Logo-1.png\"},\"sameAs\":[\"https:\\\/\\\/wandern-mit-eselliebe.de\"]}]}<\/script>\n<!-- \/ Yoast SEO plugin. -->","yoast_head_json":{"title":"Wanderungen & Preise - Wandern mit Eselliebe","robots":{"index":"noindex","follow":"follow","max-snippet":"max-snippet:-1","max-image-preview":"max-image-preview:large","max-video-preview":"max-video-preview:-1"},"og_locale":"de_DE","og_type":"article","og_title":"Wanderungen & Preise - Wandern mit Eselliebe","og_description":"Hier k\u00f6nnt ihr Euch \u00fcber unsere vielseitigen Erlebnispakete informieren. Bei allen Fragen und Buchungsw\u00fcnschen stehe ich euch gerne zur Verf\u00fcgung. Gemeinsam k\u00f6nnen wir auch gerne euer Paket speziell auf euch zuschneiden. Lorem ipsum dolor sit amet, consectetur adipiscing elit. Ut elit tellus, luctus nec ullamcorper mattis, pulvinar dapibus leo.","og_url":"https:\/\/wandern-mit-eselliebe.de\/?page_id=163","og_site_name":"Wandern mit Eselliebe","article_modified_time":"2026-04-22T06:33:54+00:00","twitter_card":"summary_large_image","twitter_misc":{"Gesch\u00e4tzte Lesezeit":"1\u00a0Minute"},"schema":{"@context":"https:\/\/schema.org","@graph":[{"@type":"WebPage","@id":"https:\/\/wandern-mit-eselliebe.de\/?page_id=163","url":"https:\/\/wandern-mit-eselliebe.de\/?page_id=163","name":"Wanderungen & Preise - Wandern mit Eselliebe","isPartOf":{"@id":"https:\/\/wandern-mit-eselliebe.de\/#website"},"datePublished":"2021-06-14T17:26:36+00:00","dateModified":"2026-04-22T06:33:54+00:00","breadcrumb":{"@id":"https:\/\/wandern-mit-eselliebe.de\/?page_id=163#breadcrumb"},"inLanguage":"de","potentialAction":[{"@type":"ReadAction","target":["https:\/\/wandern-mit-eselliebe.de\/?page_id=163"]}]},{"@type":"BreadcrumbList","@id":"https:\/\/wandern-mit-eselliebe.de\/?page_id=163#breadcrumb","itemListElement":[{"@type":"ListItem","position":1,"name":"Home","item":"https:\/\/wandern-mit-eselliebe.de\/"},{"@type":"ListItem","position":2,"name":"Wanderungen &#038; Preise"}]},{"@type":"WebSite","@id":"https:\/\/wandern-mit-eselliebe.de\/#website","url":"https:\/\/wandern-mit-eselliebe.de\/","name":"Wandern mit Eselliebe","description":"","publisher":{"@id":"https:\/\/wandern-mit-eselliebe.de\/#\/schema\/person\/c287be536dcae0fe162721e5825d1c68"},"potentialAction":[{"@type":"SearchAction","target":{"@type":"EntryPoint","urlTemplate":"https:\/\/wandern-mit-eselliebe.de\/?s={search_term_string}"},"query-input":{"@type":"PropertyValueSpecification","valueRequired":true,"valueName":"search_term_string"}}],"inLanguage":"de"},{"@type":["Person","Organization"],"@id":"https:\/\/wandern-mit-eselliebe.de\/#\/schema\/person\/c287be536dcae0fe162721e5825d1c68","name":"lisahoffmann","image":{"@type":"ImageObject","inLanguage":"de","@id":"https:\/\/wandern-mit-eselliebe.de\/wp-content\/uploads\/2021\/06\/cropped-Logo-1.png","url":"https:\/\/wandern-mit-eselliebe.de\/wp-content\/uploads\/2021\/06\/cropped-Logo-1.png","contentUrl":"https:\/\/wandern-mit-eselliebe.de\/wp-content\/uploads\/2021\/06\/cropped-Logo-1.png","width":1145,"height":1087,"caption":"lisahoffmann"},"logo":{"@id":"https:\/\/wandern-mit-eselliebe.de\/wp-content\/uploads\/2021\/06\/cropped-Logo-1.png"},"sameAs":["https:\/\/wandern-mit-eselliebe.de"]}]}},"jetpack_sharing_enabled":true,"_links":{"self":[{"href":"https:\/\/wandern-mit-eselliebe.de\/index.php?rest_route=\/wp\/v2\/pages\/163","targetHints":{"allow":["GET"]}}],"collection":[{"href":"https:\/\/wandern-mit-eselliebe.de\/index.php?rest_route=\/wp\/v2\/pages"}],"about":[{"href":"https:\/\/wandern-mit-eselliebe.de\/index.php?rest_route=\/wp\/v2\/types\/page"}],"author":[{"embeddable":true,"href":"https:\/\/wandern-mit-eselliebe.de\/index.php?rest_route=\/wp\/v2\/users\/1"}],"replies":[{"embeddable":true,"href":"https:\/\/wandern-mit-eselliebe.de\/index.php?rest_route=%2Fwp%2Fv2%2Fcomments&post=163"}],"version-history":[{"count":19,"href":"https:\/\/wandern-mit-eselliebe.de\/index.php?rest_route=\/wp\/v2\/pages\/163\/revisions"}],"predecessor-version":[{"id":402,"href":"https:\/\/wandern-mit-eselliebe.de\/index.php?rest_route=\/wp\/v2\/pages\/163\/revisions\/402"}],"wp:attachment":[{"href":"https:\/\/wandern-mit-eselliebe.de\/index.php?rest_route=%2Fwp%2Fv2%2Fmedia&parent=163"}],"curies":[{"name":"wp","href":"https:\/\/api.w.org\/{rel}","templated":true}]}}